*g. What is the tens digit of g?
9
Let n(z) = 3*z + 69. Let v be ((-4)/(-18) - 4/18)/2. What is the units digit of n(v)?
9
Suppose -8*k + 5*k + 6 = 0. Suppose k*g = -l + 58, -4*g + 100 = 3*l - 72. What is the units digit of l?
6
What is the hundreds digit of (24/10)/3 - (-23376)/30?
7
Let t(d) = -d**2 + 27*d + 60. Let y be t(29). What is the tens digit of ((-42)/49)/((-1)/224) - y?
9
What is the hundreds digit of 5/(-2) + 4624/32?
1
Suppose 8 = -2*j + 190. Suppose 7*h = 2*o + 2*h - j, -5*o + 4*h = -236. Suppose 0 = -4*q - 3*p + 139, -o - 51 = -3*q - 4*p. What is the tens digit of q?
3
Let a(j) be the second derivative of j**5/60 - j**4/4 - j**3/3 + 11*j**2/2 + 10*j. Let f(i) be the first derivative of a(i). What is the tens digit of f(-5)?
5
What is the tens digit of 752 - (9 - 3 - 2)?
4
Let k(m) = 6*m + 0*m + m**2 + 6 + 0*m**2 - 2*m. What is the units digit of k(-4)?
6
Let m = 9 + 182. What is the hundreds digit of m?
1
Let a(o) = o**3 - 11*o**2 + 11*o - 8. Let g be a(10). Suppose -27 = -g*v + v. Suppose -3*z + 18 + v = 0. What is the units digit of z?
5
Let m be 1/4 + (-60)/(-16). Let a be (-1)/((-6)/m + 1). Suppose -55 = -5*s + a*i + 66, -2*s = 5*i - 60. What is the units digit of s?
5
What is the hundreds digit of -1 - 3723/(4 + -5)?
7
Let w(j) = -j**2 + 18*j - 24. What is the tens digit of w(13)?
4
What is the hundreds digit of 0 + 6 + 349 + 24?
3
Suppose 3*r - 4*r + 3 = 0, -4*n - 13 = 5*r. Let v be (-42)/(-4) + n/14. What is the units digit of -3*-3*(v + -3)?
3
Let b(p) = p**3 + 30*p**2 + 37*p - 132. What is the units digit of b(-28)?
0
Let h = -122 + 168. Let i = h - 18. What is the tens digit of i?
2
Suppose 0 = -k - 2*r + r + 16, -5*r = 0. What is the units digit of 1/(-4) - (-276)/k?
7
Let z(y) = y**2 - y - 3. Let u be z(-2). Suppose 0 = v + 4*g - 29, -53 = -u*v - g + 6*g. What is the tens digit of v?
2
Suppose 0 = -50*q + 47*q + 834. What is the hundreds digit of q?
2
Let j = 30 + -28. Suppose 206 = j*c - c. What is the hundreds digit of c?
2
Suppose 2*t - 69 - 165 = 2*x, 0 = -4*t - 5*x + 504. Let i = 86 - t. Let s = i - -64. What is the tens digit of s?
2
Let o(l) be the second derivative of 5*l - 11/12*l**4 - 1/20*l**5 + 0 - 5/3*l**3 + 5*l**2. What is the tens digit of o(-10)?
1
Suppose 10*l = 27777 + 20253. What is the units digit of l?
3
Let r be (-1)/(2/(-14)) - 3. Suppose r*b + 8 = 0, -4*d - 6*b = -b + 2. Suppose -l + x = -19, x + d = 1. What is the tens digit of l?
1
Let n be ((-76)/(-10))/((-26)/(-910)). Let o = -48 + n. What is the tens digit of o?
1
Let m be ((-22)/(-4)*-2)/(-1). Suppose -8 = -w - k, -3*w - 2*k = -6*k + m. Suppose 28 = 2*q - w*z + z, 3*q - 2*z = 42. What is the tens digit of q?
1
Suppose -x + 29 = 22*y - 23*y, 4*x + 2*y - 134 = 0. Suppose 5*k = -t - 0*t + 1213, 0 = 5*k + 3*t - 1219. Suppose k = 5*d + x. What is the tens digit of d?
4
Let v be (0 + (-32)/20)*-220. Let m = -222 + v. Suppose -3*j - 2*j - 5*d = -190, 0 = 3*j - d - m. What is the units digit of j?
2
Suppose -52 = i - 3*i. Suppose 0 = -5*g + i + 59. Suppose 2*q - 35 = g. What is the tens digit of q?
2
Suppose -109 = 4*r + 5*z, -2*r - 16 = 3*z + 41. What is the tens digit of (-2590)/r - (-4)/18*3?
2
Suppose 16*q = 2612 + 6140. What is the hundreds digit of q?
5
Let v = 25 - 75. Let i = 27 + v. What is the tens digit of (2 + i)*6/(-9)?
1
Suppose -g = -2*g - q + 46, -2*g - 4*q = -94. Let j = 135 - g. What is the units digit of (-20)/j + (-1048)/(-18)?
8
Suppose -13*x = 2174 - 23962. What is the hundreds digit of x?
6
Suppose -x + 2*x - 2 = 0. Suppose 588 = 8*f - x*f. What is the units digit of f?
8
Let g = -25 + 29. Suppose 0 = 4*h - 2*f - 254 + 42, -2*h = -g*f - 118. What is the tens digit of h?
5
Suppose -5*g + 475 = 5*h, 0*g = h - 2*g - 110. What is the hundreds digit of h?
1
Let r = 1109 - 523. What is the hundreds digit of r?
5
Suppose 2*v - 190 = 4*u, 2*u = 5*v + 5*u - 423. Let p = 3 - 0. Suppose -v = p*a - 6*a. What is the units digit of a?
9
Let s(v) = -v**3 + 3*v**2 - 2*v + 3. Let t be s(2). Suppose -3*l = 3*d - l + 45, 0 = 3*d - t*l + 30. What is the units digit of 3/((1/(-1))/d)?
9
Suppose 11*q - 6*q - 11 = -4*h, -4*h - 3*q + 13 = 0. Let k(z) = 39 - 80 + 44 + 7*z. What is the tens digit of k(h)?
3
Suppose 0*x + 2*x = -5*d + 177, 0 = -5*x + d + 429. What is the units digit of x?
6
Let y = -2459 - -5174. What is the tens digit of y?
1
Suppose -5872 + 355 = -9*i. What is the hundreds digit of i?
6
Let c = -499 + 754. What is the units digit of c?
5
Suppose 2*n - 2791 = -3*u, -n + 3*u + 5627 = 3*n. What is the tens digit of n?
0
Suppose 66*o = 76*o - 6920. What is the tens digit of o?
9
Let z(l) = -l**2 + l + 60. Let x be z(0). Let b = -23 + x. What is the units digit of b?
7
Let k = 260 + 1426. What is the hundreds digit of k?
6
Let k(v) = 4*v + 18. What is the tens digit of k(21)?
0
Let n = -27 - -31. Suppose -3*j + 5*j = -10, 140 = -n*a + 4*j. What is the units digit of (6/(-5))/(2/a)?
4
Suppose -65 = 2*y + 81. Let f = 217 + y. What is the hundreds digit of f?
1
Let q(p) = -23*p + 123. What is the tens digit of q(-13)?
2
Suppose -76*r + 57*r = -87970. What is the units digit of r?
0
Let b(j) = 157*j + 806. What is the tens digit of b(9)?
1
Suppose -5*n = 2*l + 3*l, 4*n + l = 15. Suppose n*m - 227 = -2*s - 0*s, 5*s + 4*m = 525. What is the tens digit of s?
0
Let r(x) = 0*x**3 - 3 - 4*x**2 + 0*x**3 - 2 + x**3 + 6*x. What is the tens digit of r(5)?
5
Let g(c) = 2*c**3 + 9*c**2 - 13*c - 9. What is the thousands digit of g(7)?
1
Let a = 45 - 43. Suppose -5*b = -p - 12, 0*p - 12 = -2*p - a*b. What is the units digit of p?
3
Let s be 6 + (4 - 3)*-2. What is the tens digit of 23 + s - (-1 - 3)?
3
Let p(t) = 68*t - 2. Let v be p(3). Suppose 3*k - v = -10. What is the tens digit of k?
6
Let d = -14 - -25. Let f = d + 8. Suppose f + 28 = h + v, 91 = 2*h + v. What is the tens digit of h?
4
Suppose -24*v - 12 = -28*v. Suppose -5*a + 725 = 5*m, -a - v*m + 204 = 51. What is the units digit of a?
1
Let q = 537 + -177. What is the units digit of q?
0
Let n = 4511 - 1388. What is the units digit of n?
3
Suppose -37*d + 24*d + 6279 = 0. What is the tens digit of d?
8
Let i(w) = -w + 155. What is the hundreds digit of i(35)?
1
Suppose 8*f + h = 5*f + 443, 0 = -3*f - 2*h + 448. What is the hundreds digit of f?
1
What is the hundreds digit of (6 + (-22 - 2))/((-2)/133)?
1
Let m(d) = d**2 + 6*d + 14. Let q be -2 - 8 - (-4 + 2). What is the tens digit of m(q)?
3
Suppose -5 = -h + 3*r, 2*h - r - 4*r - 12 = 0. Suppose -79 - h = 5*a. What is the tens digit of 6/27 + (-230)/a?
1
Suppose 0 = -x + 5, i + x - 6*x = 256. What is the units digit of i?
1
Let c(o) = -7*o**3 - 10 + 2*o**3 - 7*o**2 + 8*o**2 + o. Let v(z) = 4*z**3 - 2*z**2 - 2*z + 9. Let y(k) = 3*c(k) + 4*v(k). What is the tens digit of y(6)?
1
Let c = 1533 + -285. What is the tens digit of c?
4
Suppose 0 = -n - 91 + 458. What is the hundreds digit of n?
3
Suppose 3*n - 6*n + 693 = -4*x, -2*n = 3*x - 479. What is the tens digit of n?
3
Suppose 0 = 5*k - 3*k. Suppose 5*y - 5 = 5*m, k = -5*y + 5. Suppose 0 = 5*i + f - 12, m*f + 12 = i + 5*f. What is the units digit of i?
2
Suppose -3*k - 2091 = -3*x, 2*x - 6*k = -k + 1397. What is the tens digit of x?
9
Suppose -4391 = -3*r - 4*u, 9*r - 4*r + 4*u = 7321. What is the thousands digit of r?
1
Let q(o) = o**3 - 3*o**2 - 5*o - 11. Let r be q(6). Suppose 13 = 2*k - r. What is the units digit of k?
0
Let w be -2 + 56/(-3 + 5). Suppose -5*g + w = 4*s, 0 = -g - 3*s - 2*s + 1. Let h(j) = j - 1. What is the units digit of h(g)?
5
Let c(l) = l**2 - 15*l - 2. Let s be c(15). What is the units digit of (-2 - s - -59) + 3 + -1?
1
Let k be 3/(-2)*40/(-12). Suppose 5*r + h = 5, -2*r - k*h + 4*h + 5 = 0. Suppose 136 = 2*d - 3*j + 49, r = 4*d - 5*j - 175. What is the units digit of d?
5
Suppose 5*y + 9 = d, -21 = -4*d - d + y. Suppose d*z = 4*k + 12 + 24, -2*k = 3*z - 7. What is the units digit of 2/k*(-116)/2?
9
Let s(t) = -37*t**3 - 4*t**2 - 16*t - 3. What is the thousands digit of s(-4)?
2
Suppose 11 = 4*n - 5. Suppose -5 + 13 = -n*p. What is the units digit of -2*1 + (p - -5)?
1
Let l(h) = h**2 - 5*h + 1. Let k be l(6). Let b = k + 22. What is the units digit of b?
9
Suppose 5*f + 13 = y, -2*f - 7 = -y - 3*f. Suppose 3*v - 277 = -t + y, 2*v = -5*t + 190. What is the unit